g + 3. Let j be (-115)/(-35) + d/7. What is the greatest common factor of j and r?
3
Let a be (28/(-8) + 3)*-88. Calculate the highest common factor of 11 and a.
11
Let n be (-12 - 0)/((-1)/2). Suppose -i = m - 35, 3*i - 40 = -4*m + 101. Calculate the greatest common divisor of m and n.
12
Suppose -4*y + 126 = y - 3*v, -22 = -y - v. Calculate the highest common divisor of y and 16.
8
Let d = 0 - -4. Suppose -1 = -5*j + 19. Calculate the highest common divisor of j and d.
4
Suppose 0*t - t + 6 = 0. Let y(m) = -m**2 + 3*m + 10 - 2 + 5*m - 2*m. Let c be y(t). Calculate the highest common factor of 1 and c.
1
Suppose 2*x - 20 = 20. Calculate the greatest common factor of 40 and x.
20
Suppose -446 - 445 = -3*i. Let q(n) = -5*n**3 - 2*n**2 + n + 3. Let s be q(-2). Calculate the greatest common factor of s and i.
33
Suppose -3*x - 2*t + 6 = -x, 5*t = 5. Let d be (x/6)/(1/(-3)). Let a be (d*(2 + -3))/1. What is the highest common factor of 11 and a?
1
Let h = -60 - -95. Suppose -4*t = 4*r - 52, -3*t + 1 = 5*r - 36. Calculate the greatest common factor of t and h.
7
Suppose 2*b - 4*b = -4. Calculate the highest common divisor of 3 and b.
1
Let n(o) = o**2 + 7*o - 5. Let w be n(-6). Let l = 16 + w. What is the greatest common divisor of l and 10?
5
Let c be (-4)/(3/(-9)*2). Let k be 14 - (1 - c - -3). Calculate the highest common factor of 8 and k.
8
Suppose 4*i + 5*r - 31 = 0, -4*r + 15 = 2*i - 5. Suppose 0 = -i*s + 5*s - 5*a - 13, a = 3*s - 11. Calculate the highest common factor of s and 24.
3
Let q = -49 - -59. What is the greatest common factor of q and 40?
10
Suppose 11 + 46 = 3*a. Suppose -3*h - a = -58. Calculate the highest common factor of 117 and h.
13
Suppose -5*q + 4*n = -41, 2*q + 4*n = 5*n + 14. Let v(u) = u**2 - 6*u + 7. Let z be v(q). What is the greatest common factor of 18 and z?
2
Let f = -8 + 13. Suppose 0 = -2*m - 12 + 62. What is the greatest common divisor of m and f?
5
Let t(d) = -13*d + 5. Let j(z) = 14*z - 4. Let l(a) = -4*j(a) - 3*t(a). Let g be l(-1). What is the greatest common divisor of g and 144?
18
Suppose 1 + 2 = f. Let s(n) = n**2 - 3*n + 1. Let i be s(3). Let z be 3/2*18*i. What is the highest common divisor of z and f?
3
Suppose -225 = -5*b - 2*s - 50, 4*b = -3*s + 140. What is the highest common divisor of 35 and b?
35
Let x(s) = -135*s**3 - s**2 - s. Let t be x(-1). What is the greatest common factor of 15 and t?
15
Let l = -3 - -9. Let u = 26 - 3. Suppose 3*g = u + 13. Calculate the greatest common divisor of g and l.
6
Suppose -3*c + 3 = 0, -6 = -0*t - 3*t - 3*c. Suppose 2*b = -w + 3*w - 12, 4*b + 26 = 5*w. What is the greatest common factor of t and w?
1
Let f be -2 + -2*(-10)/4. Suppose 4*o - 5*h = 27, o + h + h = -f. Suppose 3*x = -4*a + 32, o*x + x - 44 = -4*a. What is the highest common factor of x and 18?
6
Let m be (60/(-4))/(6/(-4)). Suppose 4*h - 1 - 7 = 0. Calculate the greatest common divisor of m and h.
2
Let j(l) = l**3 - 7*l**2 - 8*l + 1. Let b be j(9). Suppose -5*u - 3*q + b = 0, 0*q - 21 = -u - 2*q. What is the highest common factor of u and 102?
17
Let m = -8 - -11. Suppose m*o + o = 3*a - 80, -3*a + 35 = 5*o. What is the highest common divisor of 10 and a?
10
Suppose 2 = 5*h + 32. Let k = h + 7. Suppose r + r = 16. Calculate the highest common factor of r and k.
1
Suppose 4*j - 3 = 3*p, 0 = 10*j - 12*j + 2*p. Calculate the highest common divisor of j and 3.
3
Let d = 879 - 553. Suppose -5*b - d = -1151. Calculate the greatest common factor of 15 and b.
15
Let f(o) = -8*o + 33. Let y be f(3). What is the greatest common divisor of y and 63?
9
Suppose 0 = -3*c + 4*c - 22. Let o = 115 - 60. Calculate the highest common divisor of c and o.
11
Let v(m) = 9*m**3 + 2*m**2 - 2*m - 1. Let f be v(2). Suppose 63 = 5*z - 202. Let b = z + -38. What is the greatest common factor of f and b?
15
Suppose -2*j + 40 = 2*r, -3*r - 16 = -2*j + r. Let p = -5 + j. Calculate the greatest common divisor of 1 and p.
1
Let z = 2 + -9. Let d = 11 + z. Suppose 2*n + 36 = d*n. What is the greatest common divisor of 72 and n?
18
Let u(q) = 5*q + 1. Let n(c) = 6*c + 2. Let b(x) = -4*n(x) + 5*u(x). Let i be b(6). Let h be (i - 2)*35/5. Calculate the greatest common divisor of 63 and h.
7
Let k(u) = 6*u - 1. Let r be k(4). Let v be (-90 - 2)/(11/(-22)). Calculate the highest common divisor of r and v.
23
Let l be (-2)/8 - (-159)/12. What is the greatest common divisor of l and 169?
13
Let q(s) = 3*s. Let j be q(-1). Let r be j/4 - (-531)/4. Calculate the highest common divisor of 12 and r.
12
Let c = -9 + 14. Suppose c = 2*h + 13. Let p be (2/(-3))/(h/72). Calculate the highest common factor of p and 84.
12
Let c = 5 + 3. Suppose 3*q + 0*q = 5*w - 94, q = 2. What is the highest common divisor of w and c?
4
Suppose 0*n = 2*n - 12. Calculate the greatest common divisor of n and 15.
3
Suppose 0 = -2*a - b + 9 - 1, a = -4*b + 11. Let x(h) = -2*h + 11. Let l be x(6). Let k = l + a. Calculate the highest common divisor of k and 20.
2
Let q(o) = -3*o**2 + 21*o + 12. Let u be q(7). What is the highest common factor of u and 20?
4
Let a be (-7 - -79) + (2 - -1). Suppose 0*n + 60 = 2*n. Calculate the highest common divisor of a and n.
15
Suppose -4*u + 143 = 35. Let b = u + -19. Calculate the highest common divisor of 20 and b.
4
Let h(j) = -26*j**3 - j**2 - 2*j. Let z be h(-1). Calculate the greatest common factor of 108 and z.
27
Let m be (-1)/4 - 117/12. Let u(k) = k**2 + 8*k - 5. Let o be u(m). What is the greatest common factor of o and 105?
15
Let i = 388 - 116. Calculate the greatest common divisor of 34 and i.
34
Let x = 1 - 0. Let h(d) = d**2 - 3*d - 7. Suppose 11 = 4*a - 13. Let r be h(a). Calculate the highest common divisor of r and x.
1
Let c = 5 + -2. Let i(x) = 10*x - c - 2 + 2. Let z be i(2). Calculate the highest common factor of 187 and z.
17
Let u = -6 + 15. Suppose 0 = 2*w + 3*w - 2*a - 92, 2*w - 3*a = 39. Calculate the highest common divisor of w and u.
9
Let l(z) = 2*z**2 + 2*z - 1. Let d be l(-2). Suppose 4*f - 36 = f - 2*b, d*f = 5*b + 36. Calculate the greatest common divisor of 30 and f.
6
Let t = 0 + 3. Suppose t*u = 2*o + 64, -2*o + 3*u = -o + 38. Let z = 36 + o. What is the greatest common factor of 110 and z?
10
Suppose 5*m = 5*s + 1125, 3*m + 4*s = 2*m + 200. What is the highest common divisor of 20 and m?
20
Let y(l) = l**2 + 3*l - 2. Let b be y(-3). Let v be (b/(-6) + 0)*12. Suppose -k = v*k - 100. Calculate the highest common factor of k and 100.
20
Suppose 0 = 3*g + t - 2175, 6*t = t. Let v be 2/(-7) - g/35. Let w = v + 31. What is the highest common divisor of 10 and w?
10
Let y(k) = 88*k + 39*k - 4*k - 23*k - 1. Let s be y(1). Let x be 0 + -1 + 10 + 0. Calculate the highest common divisor of x and s.
9
Let o be (21/(-14))/((-1)/2). Suppose 0*r + o*r + 44 = x, r = -4*x + 228. Suppose 3*d - 5*d = -x. What is the greatest common factor of 70 and d?
14
Suppose -98 = -5*v + 4*v + 3*d, 0 = -2*d - 2. Calculate the highest common divisor of v and 19.
19
Let r(z) = 21*z**3 - 2*z**2 + 1. Let f be r(1). Calculate the highest common factor of 50 and f.
10
Suppose -m - 55 = -6*m + 5*i, -54 = -5*m + 4*i. What is the greatest common factor of 80 and m?
10
Suppose 0 = -6*w + 3 + 3. Let c = -3 - -5. Suppose 5*i - 3*d - 40 = 0, -i + 0*d + w = -c*d. Calculate the greatest common factor of i and 121.
11
Let d(i) = -i**2 + 2. Let q be d(0). Suppose -4*m - 8 = 0, 3*y - 295 = q*m - 96. Calculate the greatest common divisor of 13 and y.
13
Let r(q) = q**2 + 5*q + 7. Let k be r(-4). Suppose 7 = -z + 2*d, 4*d - d - 15 = -3*z. Calculate the highest common divisor of k and z.
1
Suppose 2*j - 48 = -2*z, z - 2*j - j = 32. Suppose 3*d + d = -620. Let a = d + 220. What is the highest common divisor of z and a?
13
Let g = 28 - 3. What is the highest common divisor of 10 and g?
5
Let a be ((-12)/2)/((-6)/20). Let f = 0 + a. Calculate the greatest common divisor of 50 and f.
10
Let y(h) = -h**3 + 13*h**2 + 4*h. Let g be y(9). Calculate the highest common factor of 40 and g.
40
Let i(z) = -z**3 + z**2. Let b be i(-1). Suppose -40 = -b*l + l. Calculate the highest common factor of 5 and l.
5
Suppose 4*o = 2*p + 36, o - 2*p = -7*p - 13. Let k = 31 + -21. Let t = 66 - k. What is the greatest common factor of o and t?
7
Let s = 56 - 13